{"id":41,"date":"2015-03-02T16:22:20","date_gmt":"2015-03-02T16:22:20","guid":{"rendered":"http:\/\/www.imajun.eu\/?page_id=41"},"modified":"2015-04-22T11:31:47","modified_gmt":"2015-04-22T11:31:47","slug":"imajun","status":"publish","type":"page","link":"https:\/\/www.imajun.eu\/","title":{"rendered":"About Imaj\u00fcn"},"content":{"rendered":"<p><a href=\"http:\/\/www.imajun.eu\/wp-content\/uploads\/2015\/03\/www.imajun.eu_.jpg\"><img decoding=\"async\" loading=\"lazy\" class=\"alignnone size-full wp-image-151\" src=\"http:\/\/www.imajun.eu\/wp-content\/uploads\/2015\/03\/www.imajun.eu_.jpg\" alt=\"www.imajun.eu\" width=\"200\" height=\"220\" \/><\/a><span id=\"result_box\" class=\"\" lang=\"en\"><\/span><\/p>\n<p><span id=\"result_box\" class=\"\" lang=\"en\"><span class=\"hps\">Imaj\u00fcn<\/span> <span class=\"hps\">is<\/span> <span class=\"hps\">web <\/span><span class=\"hps\">design agency specialized in interactive 3D content.<\/span><br \/>\n<span class=\"hps\">The interactive<\/span> <span class=\"hps\">3D presentations<\/span> <span class=\"hps\">developed by<\/span> <span class=\"hps\">Imaj\u00fcn<\/span> can <span class=\"hps\">be read<\/span> <span class=\"hps\">directly on<\/span> <span class=\"hps\">a web browser.<\/span><br \/>\n<span class=\"hps atn\">(<\/span>No installation <span class=\"hps\">or<\/span> <span class=\"hps\">plugin<\/span> <span class=\"hps\">required<\/span>). <span class=\"hps\">These<\/span> <span class=\"hps\">3D applications<\/span> <span class=\"hps\">can be played<\/span> <span class=\"hps\">on any<\/span> device<span class=\"hps\">,<\/span> <span class=\"hps\">browser or<\/span> <span class=\"hps\">operating system!<\/span><br \/>\n<span class=\"hps\">Click<\/span> <span class=\"hps\">on one of the<\/span> <span class=\"hps\">above examples<\/span> <span class=\"hps\">to test<\/span> <span class=\"hps\">the 3D experience<\/span> <span class=\"hps\">&#8230;<\/span><\/span><\/p>\n<p><em>Imaj\u00fcn est une agence de design de contenu web 3D.<\/em><br \/>\n<em>Les pr\u00e9sentations interactives en 3D d\u00e9velopp\u00e9es par Imaj\u00fcn sont lisibles directement sur un navigateur web.<\/em><br \/>\n<em>(Pas d&#8217;installation ou de plugin n\u00e9cessaire ). Ces applications 3D peuvent \u00eatre lues indif\u00e9rement sur n&#8217;importe quelle support, navigateur ou syst\u00e8me d&#8217;exploitation !<\/em><br \/>\n<em>Cliquez sur l&#8217;un des exemples ci-dessus pour tester l&#8217;exp\u00e9rience 3D&#8230;<\/em><\/p>\n<p>Applications developed using:<br \/>\n<em>Applications d\u00e9velopp\u00e9es \u00e0 partir de:<\/em><\/p>\n<p><a title=\"Babylon Js\" href=\"http:\/\/www.babylonjs.com\/\" target=\"_blank\"><img decoding=\"async\" loading=\"lazy\" class=\"alignnone  wp-image-119\" src=\"http:\/\/www.imajun.eu\/wp-content\/uploads\/2015\/03\/logo_babylon.png\" alt=\"logo_babylon\" width=\"165\" height=\"82\" \/><\/a><a href=\"https:\/\/www.khronos.org\/webgl\/\" target=\"_blank\"><img decoding=\"async\" loading=\"lazy\" class=\"alignnone  wp-image-118\" src=\"http:\/\/www.imajun.eu\/wp-content\/uploads\/2015\/03\/images-300x150.jpg\" alt=\"images\" width=\"236\" height=\"118\" srcset=\"https:\/\/www.imajun.eu\/wp-content\/uploads\/2015\/03\/images-300x150.jpg 300w, https:\/\/www.imajun.eu\/wp-content\/uploads\/2015\/03\/images.jpg 318w\" sizes=\"(max-width: 236px) 100vw, 236px\" \/><\/a><\/p>\n","protected":false},"excerpt":{"rendered":"<p>Imaj\u00fcn is web design agency specialized in interactive 3D content. The interactive 3D presentations developed by Imaj\u00fcn can be read directly on a web browser. (No installation or plugin required). These 3D applications can be played on any device, browser or operating system! Click on one of the above examples to test the 3D experience &hellip; <a href=\"https:\/\/www.imajun.eu\/\" class=\"more-link\">Continue reading <span class=\"screen-reader-text\">About Imaj\u00fcn<\/span> <span class=\"meta-nav\">&rarr;<\/span><\/a><\/p>\n","protected":false},"author":1,"featured_media":0,"parent":0,"menu_order":0,"comment_status":"closed","ping_status":"open","template":"page-templates\/full-width.php","meta":{"jetpack_post_was_ever_published":false},"aioseo_notices":[],"jetpack_sharing_enabled":true,"jetpack_shortlink":"https:\/\/wp.me\/P5PyGK-F","_links":{"self":[{"href":"https:\/\/www.imajun.eu\/index.php?rest_route=\/wp\/v2\/pages\/41"}],"collection":[{"href":"https:\/\/www.imajun.eu\/index.php?rest_route=\/wp\/v2\/pages"}],"about":[{"href":"https:\/\/www.imajun.eu\/index.php?rest_route=\/wp\/v2\/types\/page"}],"author":[{"embeddable":true,"href":"https:\/\/www.imajun.eu\/index.php?rest_route=\/wp\/v2\/users\/1"}],"replies":[{"embeddable":true,"href":"https:\/\/www.imajun.eu\/index.php?rest_route=%2Fwp%2Fv2%2Fcomments&post=41"}],"version-history":[{"count":10,"href":"https:\/\/www.imajun.eu\/index.php?rest_route=\/wp\/v2\/pages\/41\/revisions"}],"predecessor-version":[{"id":152,"href":"https:\/\/www.imajun.eu\/index.php?rest_route=\/wp\/v2\/pages\/41\/revisions\/152"}],"wp:attachment":[{"href":"https:\/\/www.imajun.eu\/index.php?rest_route=%2Fwp%2Fv2%2Fmedia&parent=41"}],"curies":[{"name":"wp","href":"https:\/\/api.w.org\/{rel}","templated":true}]}}